16*m**3/3 + 29*m**2/2 - 5*m + 11. What is the units digit of g(14)?
9
Suppose -471*a = -477*a + 2034. What is the tens digit of a?
3
What is the tens digit of 108/(-14)*23324/(-42)?
8
Let h = -509 - -1012. What is the units digit of h?
3
Let u be 3 + -2 - (-2 + 13 + -3). Let f(s) = -7*s. What is the units digit of f(u)?
9
Suppose 145*u - 2840 = 140*u. What is the tens digit of u?
6
Let a = -8 - -14. Let r(q) = -q**3 + 6*q**2 - 3*q + 9. Let g be r(a). What is the tens digit of 2/(-5)*(-176 + g)?
7
Suppose -s + 4*s + 57 = 0. What is the tens digit of 59/2 + s/38?
2
Let f(c) = 3*c + 586. What is the tens digit of f(0)?
8
Let p(z) = 4*z**3 + 23*z**2 - 5*z + 5. What is the units digit of p(-5)?
5
Suppose 1436 = 14*w - 10*w. What is the hundreds digit of w?
3
Let t(l) be the third derivative of -l**6/120 + 2*l**5/15 + l**4/24 + 5*l**3/3 + 4*l**2. Suppose 4*k - 2*k - 16 = 0. What is the tens digit of t(k)?
1
Suppose 0 = 5*z - 4*n - 32, -3*z + 0*z = 4*n. Suppose -8 = -z*w + 4, -4*f = -2*w - 230. What is the units digit of f?
9
Suppose 2171 = -16*z + 14299. What is the hundreds digit of z?
7
Let b = 14 + -10. Let h be (-1)/(-4) - 1/b. What is the tens digit of ((-3 - h) + -8)*-2?
2
Let d(u) = -u - 16. Let b = 14 - 21. Let y be d(b). Let h = y + 29. What is the tens digit of h?
2
Let r = -163 - -591. What is the hundreds digit of r?
4
Let n be 2/2*(-1 + 54). Let v = n + -41. What is the tens digit of v?
1
Let y = -6 + 2. Let v(z) = z**3 + 5*z**2 + 5*z + 6. Let u be v(y). Let o = 9 - u. What is the units digit of o?
7
Suppose 537 + 1971 = 12*d. What is the tens digit of d?
0
Let f = -87 - -49. Let c = 45 + f. What is the units digit of c?
7
Suppose -1245*r = -1239*r - 20166. What is the units digit of r?
1
Suppose 4*r = 4*a - 64, r - 15 = -2*r. What is the tens digit of 4/14 + 0 + 1506/a?
7
Let r be 33/(-27) - 4/(-18). Let y(s) = -59*s**3 + 2*s**2 + 3*s + 2. What is the tens digit of y(r)?
6
Let d(w) = 110*w - 205. What is the thousands digit of d(29)?
2
Suppose 0 = 2*b - 2, -3*i + 1361 = 5*b - 129. What is the units digit of i?
5
Let o(f) = 91*f + 19. Let a be o(7). Suppose -7*c + h + a = -3*c, -328 = -2*c + 3*h. What is the hundreds digit of c?
1
Let p(u) = -u**2 + 5*u - 7. Let z be p(3). What is the units digit of 3/((-94)/(-88) + z)?
4
Suppose 4*i - 4*m + 366 + 850 = 0, -5*i - 5*m = 1560. What is the units digit of 2 - (3 + -1) - i?
8
Suppose 5*o - 3*x + 3 - 2 = 0, 3 = -5*o + 4*x. Let a(c) = -43*c**2 - 3*c. Let y(b) = 64*b**2 + 4*b. Let h(k) = 7*a(k) + 5*y(k). What is the units digit of h(o)?
8
Suppose 215 = 4*j + 5*a, 4*a + 46 = 2*j - 68. Suppose -5*x + 20 = -4*x. Let z = j - x. What is the tens digit of z?
3
Let h(b) = -107*b**3 - 8*b**2 - 8*b + 5. Let f(x) = -106*x**3 - 7*x**2 - 7*x + 4. Let w(a) = 6*f(a) - 5*h(a). What is the hundreds digit of w(-1)?
1
Let i = 2 + -15. Let l(u) = -8*u + 23. What is the units digit of l(i)?
7
Let m(l) = l**2 - 2*l + 4. Let p be m(3). Suppose -3*j + 2 = 4*i - 6*j, -3*i = -5*j - p. What is the units digit of i/(-4) - (-369)/12?
1
Let z be 12 - -1*(0 + -6 + 3). Let x(u) be the first derivative of 2*u**2 - 10*u + 1. What is the units digit of x(z)?
6
Suppose 2*a - 1 = -f + 4, -10 = -3*a - f. What is the tens digit of 201/(1/5*a)?
0
Suppose 32*y - 61292 - 17812 = 0. What is the units digit of y?
2
What is the units digit of (-4)/20 + 48/30*307?
1
What is the tens digit of 37/((-4)/(-34)*(-1)/(-2))?
2
Suppose 4 = 10*o - 6. Suppose -y + 96 = -5*y. What is the units digit of o/3 - 136/y?
6
Let d(h) = 3*h**3 - 7*h**2 + 3*h - 4. Let m = -20 + 25. Let t be d(m). Suppose -5*p + 0*p = k - t, 0 = 5*p + 2*k - 212. What is the tens digit of p?
4
Let a be ((-36)/(-54))/(4/114). Suppose -t - 2 + a = 0. What is the units digit of t?
7
Suppose -840 + 132 = -12*o. Suppose -2*p + 19 = 4*h - 5, 16 = 4*p. Suppose -3*d + o = q + q, h*d - 12 = 0. What is the units digit of q?
5
Suppose 2*g - 37 = -3*h, h - 62 = -4*g - h. Suppose g = -3*v - 3*y + 152, 5*y = 5*v - 200. What is the units digit of v?
3
Let y = 249 - 236. What is the tens digit of y?
1
Let t = -11 + -10. Let q(b) = -6*b**2 - 3*b. Let l be q(-2). Let z = l - t. What is the units digit of z?
3
Suppose 2 = -4*p - b + 63, -4*b + 79 = 5*p. Let g be (1 - 27/p)*5. Let f = 23 + g. What is the units digit of f?
9
Let o = -112 - -115. Suppose 0 = o*l + 57 - 234. What is the units digit of l?
9
Let u(g) be the second derivative of -g**5/10 - g**3/2 + 7*g**2/2 + 25*g. What is the tens digit of u(-5)?
7
Let x(d) = 4*d**2 + 26*d - 372. What is the tens digit of x(-28)?
3
Suppose 1282 = 5*u + 162. Let k = -129 + u. What is the units digit of k?
5
Suppose 6*r - 2*j = r + 224, 4*r - 178 = j. What is the units digit of r?
4
Let p(k) = 6 + 5*k + 3 + 7. What is the tens digit of p(8)?
5
Let c = -101 - -233. What is the units digit of c?
2
Let r = 52 - 35. Let w(s) = 21 - 24 + r + s**2 + 10 + 17*s. What is the units digit of w(-17)?
4
Let n(k) = 4*k**3 + 6*k**2 + 7*k + 3. Let z be n(-4). Let g = -97 - z. What is the tens digit of g?
8
Suppose 0 = -2*r - 5*i + 3307, 4*r - 6587 = -4*i + 57. What is the units digit of r?
6
What is the tens digit of (0/(-2) - -171) + (-80 - -85)?
7
Let d = 736 + -71. Suppose 3*b = 73 + d. What is the tens digit of b?
4
Let s(y) = 203*y**2 + 2*y - 8. What is the thousands digit of s(4)?
3
Let u be (3 - 2)/((-1)/(-48)). Suppose 5*a + 226 = -b, -a - 6*b = -3*b + u. Let i = -19 - a. What is the tens digit of i?
2
Let k(c) = -14*c**3 + 3*c - 3. Let f be k(2). Let w = 188 + f. What is the units digit of w?
9
Let y be ((-10)/(-30))/((-2)/(-54)). Suppose -4*i = -y*i + 15. Suppose -3*d - i*x = x - 91, -3*d + x + 116 = 0. What is the tens digit of d?
3
Let c be (-49)/(-5) + 4 + (-57)/15. Suppose 2*q = o + 40, 5*o + 4*q = -0*q - 256. What is the tens digit of c*(-3)/(45/o)?
3
Let i(s) = -3*s - 9. Let w be i(-5). Suppose -290 = -w*f - 8. What is the units digit of f?
7
Suppose -10*y - 2*x - 9943 + 54989 = 0, x + 13517 = 3*y. What is the units digit of y?
5
Let h be (12 + -4)*(-2)/(-4). Suppose r = k - h*k + 138, -r = -k + 50. What is the tens digit of k?
4
Let w = -25 + 12. What is the units digit of -12 + 13 - w*5?
6
Let t(i) = i**2 - 7*i - 3. Let j be t(17). Suppose -5*l = -j - 43. What is the units digit of l?
2
What is the hundreds digit of -2 - (-13)/7 - 86060/(-14)?
1
Let b(o) = -o**3 + 13*o**2 - 9*o + 7. Let j be b(13). Let t = -34 - j. What is the tens digit of t?
7
Let f = 1949 - 920. What is the thousands digit of f?
1
Suppose 4*z + 2 = -2*p, -z = p + 5 - 4. Suppose -3*a = -3*f - 3, -f - 1 = -z*a + 2*a. Suppose a = w + x - 5 - 3, 3*x = 6. What is the units digit of w?
6
Let i be ((-4)/(-2))/(10/335). Suppose i - 21 = a. What is the units digit of a?
6
Let v = 653 - 143. Suppose 4*q + 2*m - 426 = 0, -4*m - m - v = -5*q. What is the hundreds digit of q?
1
Let s = 2 + -2. Suppose -y + s = -2. What is the units digit of y?
2
Suppose 0 = 2*g - g + 112. Suppose -4*x - 218 = t, 50 = -x + 3*t - t. Let d = x - g. What is the units digit of d?
8
Let t(q) = -q**3 - 10*q**2 + 4*q - 8. Let z be t(-11). Let o be z/21 + (-8)/28. Suppose -o*l + 2 + 4 = 0. What is the units digit of l?
2
Suppose 2*p - 3*p + 13 = 0. What is the tens digit of (22/(-3))/(p/(-78))?
4
Let v = -8039 - -12004. What is the hundreds digit of v?
9
Let a(p) = p**3 - 2*p**2 - 4*p - 5. Let b be a(4). Let n(c) = 6*c**2 + 4 + 5*c - 12*c**3 - 2*c + b*c**3. What is the units digit of n(6)?
2
Let l = 168 + -8. What is the tens digit of l?
6
Suppose -8 = 3*b - b. Suppose -19 = -5*c + 171. What is the units digit of 3 - c*2/b?
2
Let o be (-1309)/51 - (-2 - (-8)/6). Let p = o - -88. What is the tens digit of p?
6
Suppose 2*w + 6 = 10. Let s(h) = -5 + w*h**2 - 11*h + 0*h + 9. What is the units digit of s(7)?
5
Suppose 2*w = 3*d - 2*w - 1603, -4*w - 16 = 0. What is the hundreds digit of d?
5
Let y = 66 + -63. Suppose g + y*g = 4, h - g = 129. What is the hundreds digit of h?
1
Let v(q) = 1322*q**3 - 4*q**2 + 6*q - 3. What is the units digit of v(1)?
1
Suppose 2*z = 5*t + 2893, 4*z - 1980 = -4*t + 3736. What is the thousands digit of z?
1
Let m(s) = s**2 - 12*s - 8. Let p be m(13). Let t(z) = z - z - 11 + 7*z. What is the units digit of t(p)?
4
Suppose 0 = 5*c - 9*c - 4*g + 9992, -3*g = c - 2508. What is the units digit of